{"version":"1.0","provider_name":"FRRA","provider_url":"https:\/\/www.frra.at\/en\/","author_name":"Maria Pribila","author_url":"https:\/\/www.frra.at\/en\/author\/mpribila_t7k91254\/","title":"Johannes Schr\u00f6cksnadel strengthens Frotz Riedl Rechtsanw\u00e4lte - FRRA","type":"rich","width":600,"height":338,"html":"<blockquote class=\"wp-embedded-content\" data-secret=\"qhCoEh53rQ\"><a href=\"https:\/\/www.frra.at\/en\/johannes-schroecksnadel-strengthens-frotz-riedl-rechtsanwaelte\/\">Johannes Schr\u00f6cksnadel strengthens Frotz Riedl Rechtsanw\u00e4lte<\/a><\/blockquote><iframe sandbox=\"allow-scripts\" security=\"restricted\" src=\"https:\/\/www.frra.at\/en\/johannes-schroecksnadel-strengthens-frotz-riedl-rechtsanwaelte\/embed\/#?secret=qhCoEh53rQ\" width=\"600\" height=\"338\" title=\"&#8220;Johannes Schr\u00f6cksnadel strengthens Frotz Riedl Rechtsanw\u00e4lte&#8221; &#8212; FRRA\" data-secret=\"qhCoEh53rQ\" frameborder=\"0\" marginwidth=\"0\" marginheight=\"0\" scrolling=\"no\" class=\"wp-embedded-content\"><\/iframe><script>\n\/*! This file is auto-generated *\/\n!function(d,l){\"use strict\";l.querySelector&&d.addEventListener&&\"undefined\"!=typeof URL&&(d.wp=d.wp||{},d.wp.receiveEmbedMessage||(d.wp.receiveEmbedMessage=function(e){var t=e.data;if((t||t.secret||t.message||t.value)&&!\/[^a-zA-Z0-9]\/.test(t.secret)){for(var s,r,n,a=l.querySelectorAll('iframe[data-secret=\"'+t.secret+'\"]'),o=l.querySelectorAll('blockquote[data-secret=\"'+t.secret+'\"]'),c=new RegExp(\"^https?:$\",\"i\"),i=0;i<o.length;i++)o[i].style.display=\"none\";for(i=0;i<a.length;i++)s=a[i],e.source===s.contentWindow&&(s.removeAttribute(\"style\"),\"height\"===t.message?(1e3<(r=parseInt(t.value,10))?r=1e3:~~r<200&&(r=200),s.height=r):\"link\"===t.message&&(r=new URL(s.getAttribute(\"src\")),n=new URL(t.value),c.test(n.protocol))&&n.host===r.host&&l.activeElement===s&&(d.top.location.href=t.value))}},d.addEventListener(\"message\",d.wp.receiveEmbedMessage,!1),l.addEventListener(\"DOMContentLoaded\",function(){for(var e,t,s=l.querySelectorAll(\"iframe.wp-embedded-content\"),r=0;r<s.length;r++)(t=(e=s[r]).getAttribute(\"data-secret\"))||(t=Math.random().toString(36).substring(2,12),e.src+=\"#?secret=\"+t,e.setAttribute(\"data-secret\",t)),e.contentWindow.postMessage({message:\"ready\",secret:t},\"*\")},!1)))}(window,document);\n<\/script>\n","thumbnail_url":"https:\/\/www.frra.at\/wp\/wp-content\/uploads\/2023\/01\/Johannes_Dr.-Riedl-scaled.jpg","thumbnail_width":2560,"thumbnail_height":1920,"description":"With the inclusion of Johannes Schr\u00f6cksnadel as independent attorney at law, Frotz Riedl Rechtsanw\u00e4lte is strengthened from within its own ranks. Johannes Schr\u00f6cksnadel has been working in the team of Georg Riedl since 2019 and was recently registered as an attorney at the Vienna Bar. His areas of expertise are in dispute resolution and corporate..."}

Johannes Schröcksnadel strengthens Frotz Riedl Rechtsanwälte - FRRA

<blockquote class="wp-embedded-content" data-secret="qhCoEh53rQ"><a href="https://www.frra.at/en/johannes-schroecksnadel-strengthens-frotz-riedl-rechtsanwaelte/">Johannes Schröcksnadel strengthens Frotz Riedl Rechtsanwälte</a></blockquote><iframe sandbox="allow-scripts" security="restricted" src="https://www.frra.at/en/johannes-schroecksnadel-strengthens-frotz-riedl-rechtsanwaelte/embed/#?secret=qhCoEh53rQ" width="600" height="338" title="&#8220;Johannes Schröcksnadel strengthens Frotz Riedl Rechtsanwälte&#8221; &#8212; FRRA" data-secret="qhCoEh53rQ" frameborder="0" marginwidth="0" marginheight="0" scrolling="no" class="wp-embedded-content"></iframe><script>
/*! This file is auto-generated */
!function(d,l){"use strict";l.querySelector&&d.addEventListener&&"undefined"!=typeof URL&&(d.wp=d.wp||{},d.wp.receiveEmbedMessage||(d.wp.receiveEmbedMessage=function(e){var t=e.data;if((t||t.secret||t.message||t.value)&&!/[^a-zA-Z0-9]/.test(t.secret)){for(var s,r,n,a=l.querySelectorAll('iframe[data-secret="'+t.secret+'"]'),o=l.querySelectorAll('blockquote[data-secret="'+t.secret+'"]'),c=new RegExp("^https?:$","i"),i=0;i<o.length;i++)o[i].style.display="none";for(i=0;i<a.length;i++)s=a[i],e.source===s.contentWindow&&(s.removeAttribute("style"),"height"===t.message?(1e3<(r=parseInt(t.value,10))?r=1e3:~~r<200&&(r=200),s.height=r):"link"===t.message&&(r=new URL(s.getAttribute("src")),n=new URL(t.value),c.test(n.protocol))&&n.host===r.host&&l.activeElement===s&&(d.top.location.href=t.value))}},d.addEventListener("message",d.wp.receiveEmbedMessage,!1),l.addEventListener("DOMContentLoaded",function(){for(var e,t,s=l.querySelectorAll("iframe.wp-embedded-content"),r=0;r<s.length;r++)(t=(e=s[r]).getAttribute("data-secret"))||(t=Math.random().toString(36).substring(2,12),e.src+="#?secret="+t,e.setAttribute("data-secret",t)),e.contentWindow.postMessage({message:"ready",secret:t},"*")},!1)))}(window,document);
</script>

With the inclusion of Johannes Schröcksnadel as independent attorney at law, Frotz Riedl Rechtsanwälte is strengthened from within its own ranks. Johannes Schröcksnadel has been working in the team of Georg Riedl since 2019 and was recently registered as an attorney at the Vienna Bar. His areas of expertise are in dispute resolution and corporate...
